{"id":92,"date":"2025-09-04T15:56:12","date_gmt":"2025-09-04T13:56:12","guid":{"rendered":"https:\/\/frommlet-wolfram.de\/?page_id=92"},"modified":"2025-09-22T12:23:54","modified_gmt":"2025-09-22T10:23:54","slug":"links","status":"publish","type":"page","link":"https:\/\/frommlet-wolfram.de\/index.php\/links\/","title":{"rendered":"Links"},"content":{"rendered":"\n<h2 class=\"wp-block-heading\">Die Neuerscheinung: <\/h2>\n\n\n\n<p><a href=\"https:\/\/www.kroener-verlag.de\/books\/johann-sebastian-bach-geht-%C3%BCber-den-sambesi.html\">Johann Sebastian Bach geht \u00fcber den Sambesi<\/a><\/p>\n\n\n\n<p>Mein aktuelles Buch \u00fcber meine Jahrzehnte in Afrika<\/p>\n\n\n\n<p><\/p>\n\n\n\n<h2 class=\"wp-block-heading\"><strong>Jazztime Ravensburg<\/strong><\/h2>\n\n\n\n<p><a href=\"http:\/\/www.jazztime-ravensburg.de\">http:\/\/www.jazztime-ravensburg.de<\/a><\/p>\n\n\n\n<p>bringen Jazz auf Gro\u00dfstadtniveau in die Provinz<\/p>\n\n\n\n<p><\/p>\n\n\n\n<h2 class=\"wp-block-heading\"><strong>Ravensburger Kammersolisten<\/strong><\/h2>\n\n\n\n<p><a href=\"http:\/\/www.ravensburger-kammersolisten.de\">http:\/\/www.ravensburger-kammersolisten.de<\/a><\/p>\n\n\n\n<p>exzellentes, multi-nationales Ensemble<\/p>\n\n\n\n<p><\/p>\n\n\n\n<h2 class=\"wp-block-heading\">Duale Hochschule \/ BerufsAkademie Ravensburg<\/h2>\n\n\n\n<p><a href=\"http:\/\/www.dhbw-ravensburg.de\">http:\/\/www.dhbw-ravensburg.de<\/a><\/p>\n\n\n\n<p>erm\u00f6glicht mir gro\u00dfartige Freiheiten als Dozent f\u00fcr Medien<\/p>\n\n\n\n<p><\/p>\n\n\n\n<h2 class=\"wp-block-heading\">Ensemble petite reprise, Renate &amp; Michel Marpert<\/h2>\n\n\n\n<p><a href=\"http:\/\/www.marpert.name\">http:\/\/www.marpert.name<\/a><\/p>\n\n\n\n<p>zusammen spielen sie wundervollen Barock, Michel Marpert Cello Solo<\/p>\n\n\n\n<p>exzellente Moderne<\/p>\n","protected":false},"excerpt":{"rendered":"<p>Die Neuerscheinung: Johann Sebastian Bach geht \u00fcber den Sambesi Mein aktuelles Buch \u00fcber meine Jahrzehnte in Afrika Jazztime Ravensburg http:\/\/www.jazztime-ravensburg.de bringen Jazz auf Gro\u00dfstadtniveau in die Provinz Ravensburger Kammersolisten http:\/\/www.ravensburger-kammersolisten.de exzellentes, multi-nationales Ensemble Duale Hochschule \/ BerufsAkademie Ravensburg http:\/\/www.dhbw-ravensburg.de erm\u00f6glicht mir gro\u00dfartige Freiheiten als Dozent f\u00fcr Medien Ensemble petite reprise, Renate &amp; Michel Marpert http:\/\/www.marpert.name&hellip;&nbsp;<a href=\"https:\/\/frommlet-wolfram.de\/index.php\/links\/\" rel=\"bookmark\"><span class=\"screen-reader-text\">Links<\/span><\/a><\/p>\n","protected":false},"author":1,"featured_media":0,"parent":0,"menu_order":0,"comment_status":"closed","ping_status":"closed","template":"","meta":{"neve_meta_sidebar":"","neve_meta_container":"","neve_meta_enable_content_width":"","neve_meta_content_width":0,"neve_meta_title_alignment":"","neve_meta_author_avatar":"","neve_post_elements_order":"","neve_meta_disable_header":"","neve_meta_disable_footer":"","neve_meta_disable_title":"","footnotes":""},"class_list":["post-92","page","type-page","status-publish","hentry"],"_links":{"self":[{"href":"https:\/\/frommlet-wolfram.de\/index.php\/wp-json\/wp\/v2\/pages\/92","targetHints":{"allow":["GET"]}}],"collection":[{"href":"https:\/\/frommlet-wolfram.de\/index.php\/wp-json\/wp\/v2\/pages"}],"about":[{"href":"https:\/\/frommlet-wolfram.de\/index.php\/wp-json\/wp\/v2\/types\/page"}],"author":[{"embeddable":true,"href":"https:\/\/frommlet-wolfram.de\/index.php\/wp-json\/wp\/v2\/users\/1"}],"replies":[{"embeddable":true,"href":"https:\/\/frommlet-wolfram.de\/index.php\/wp-json\/wp\/v2\/comments?post=92"}],"version-history":[{"count":3,"href":"https:\/\/frommlet-wolfram.de\/index.php\/wp-json\/wp\/v2\/pages\/92\/revisions"}],"predecessor-version":[{"id":243,"href":"https:\/\/frommlet-wolfram.de\/index.php\/wp-json\/wp\/v2\/pages\/92\/revisions\/243"}],"wp:attachment":[{"href":"https:\/\/frommlet-wolfram.de\/index.php\/wp-json\/wp\/v2\/media?parent=92"}],"curies":[{"name":"wp","href":"https:\/\/api.w.org\/{rel}","templated":true}]}}